{"id":7794,"date":"2025-10-30T15:19:04","date_gmt":"2025-10-30T15:19:04","guid":{"rendered":"https:\/\/electrx.com\/esp\/?page_id=7794"},"modified":"2026-01-07T00:19:06","modified_gmt":"2026-01-07T00:19:06","slug":"about-us","status":"publish","type":"page","link":"https:\/\/electrx.com\/esp\/about-us\/","title":{"rendered":"about us"},"content":{"rendered":"\t\t<div data-elementor-type=\"wp-page\" data-elementor-id=\"7794\" class=\"elementor elementor-7794\" data-elementor-post-type=\"page\">\n\t\t\t\t<div class=\"elementor-element elementor-element-ee2c424 e-con-full e-flex e-con e-parent\" data-id=\"ee2c424\" data-element_type=\"container\" data-e-type=\"container\" data-settings=\"{&quot;background_background&quot;:&quot;classic&quot;}\">\n\t\t<div class=\"elementor-element elementor-element-0cc97df e-con-full e-flex e-con e-child\" data-id=\"0cc97df\" data-element_type=\"container\" data-e-type=\"container\">\n\t\t\t\t<\/div>\n\t\t\t\t<\/div>\n\t\t<div class=\"elementor-element elementor-element-d694866 e-flex e-con-boxed e-con e-parent\" data-id=\"d694866\" data-element_type=\"container\" data-e-type=\"container\">\n\t\t\t\t\t<div class=\"e-con-inner\">\n\t\t<div class=\"elementor-element elementor-element-b01d7ad e-con-full e-flex e-con e-child\" data-id=\"b01d7ad\" data-element_type=\"container\" data-e-type=\"container\">\n\t\t<div class=\"elementor-element elementor-element-cb42b15 e-con-full e-flex e-con e-child\" data-id=\"cb42b15\" data-element_type=\"container\" data-e-type=\"container\">\n\t\t<div class=\"elementor-element elementor-element-480b366 e-con-full e-flex e-con e-child\" data-id=\"480b366\" data-element_type=\"container\" data-e-type=\"container\">\n\t\t\t\t<div class=\"elementor-element elementor-element-a6d23c4 elementor-widget elementor-widget-text-editor\" data-id=\"a6d23c4\" data-element_type=\"widget\" data-e-type=\"widget\" data-widget_type=\"text-editor.default\">\n\t\t\t\t<div class=\"elementor-widget-container\">\n\t\t\t\t\t\t\t\t\t<h1>Sobre nosotros<\/h1><h2>Somos ElectRx<\/h2><p style=\"background-color: #ffffff;\">ElectRx es una empresa estadounidense especializada en la gesti\u00f3n de beneficios farmac\u00e9uticos. Trabajamos con su plan de salud para ofrecer un programa de beneficios de medicamentos recetados totalmente integrado que le ayudar\u00e1 a obtener medicamentos de mantenimiento y medicamentos especializados costosos a un precio m\u00e1s bajo.<\/p><p style=\"background-color: #ffffff;\">Al importar sus medicamentos recetados desde estos pa\u00edses de Categor\u00eda 1, podr\u00e1 ahorrar mucho dinero y mantenerse sano con un m\u00ednimo esfuerzo y a una fracci\u00f3n del costo.<\/p><h2 style=\"background-color: #ffffff;\">Nuestra historia<\/h2><ul><li style=\"background-color: #ffffff;\">Fundada en 2004<\/li><li style=\"background-color: #ffffff;\">Red de socios a nivel nacional<\/li><li style=\"background-color: #ffffff;\">Nuestros clientes han surtido m\u00e1s de 500,000 recetas a trav\u00e9s de nuestras Farmacias Proveedoras<\/li><li style=\"background-color: #ffffff;\">Cumplimos con la normativa HIPAA<\/li><li style=\"background-color: #ffffff;\">M\u00e1s de 250 millones de d\u00f3lares en ahorros para nuestros clientes<\/li><li style=\"background-color: #ffffff;\">Servicio al cliente con sede en Estados Unidos<\/li><\/ul><h2>Nuestra misi\u00f3n<\/h2><p>En ElectRx, ahorrar dinero en sus medicamentos recetados es nuestra m\u00e1xima prioridad. Buscamos constantemente los mejores precios en medicamentos y ofrecemos servicios que simplifican el proceso, para que pueda dedicar m\u00e1s tiempo a lo que realmente le importa.<\/p><p>Para lograrlo, aportamos un nivel inigualable de conocimiento del sector, profesionalismo y servicio en todo lo que hacemos.<\/p><h2>Nuestras Farmacias Proveedoras<\/h2><p>Utilizamos \u00fanicamente farmacias f\u00edsicas de pa\u00edses de Categoria 1:<\/p><ul><li>Canad\u00e1<\/li><li>Nueva Zelanda<\/li><li>Inglaterra<\/li><li>Australia<\/li><\/ul><p>Estas farmacias ofrecen ciertos medicamentos de marca con descuentos de entre el 40\u00a0% y el 70\u00a0% en comparaci\u00f3n con las farmacias estadounidenses, lo que supone un gran ahorro tanto para los empleadores como para los empleados.<\/p><h2>Nuestro equipo<\/h2><p>Cada miembro de nuestro equipo se dedica a ofrecer un servicio transparente y confiable a nuestros clientes. Nuestras Farmacias Proveedoras env\u00edan sus medicamentos de mantenimiento a precios accesibles. Cont\u00e1ctenos hoy mismo para que podamos ayudarle a ahorrar y a mantenerse sano.<\/p>\t\t\t\t\t\t\t\t<\/div>\n\t\t\t\t<\/div>\n\t\t\t\t<\/div>\n\t\t<div class=\"elementor-element elementor-element-d697da7 e-con-full e-flex e-con e-child\" data-id=\"d697da7\" data-element_type=\"container\" data-e-type=\"container\">\n\t\t\t\t<div class=\"elementor-element elementor-element-b147738 elementor-widget elementor-widget-sidebar\" data-id=\"b147738\" data-element_type=\"widget\" data-e-type=\"widget\" data-widget_type=\"sidebar.default\">\n\t\t\t\t<div class=\"elementor-widget-container\">\n\t\t\t\t\t<div class=\"widget widget_block\"><div class=\"widget-content\"><div class=\"sidebar\">\n<p>Consulte la <a href=\"https:\/\/electrx.com\/esp\/wp-content\/uploads\/2026\/01\/ElectRX_Flyer_2025_Digital_ESP_POSTING.pdf\" target=\"_blank\">lista parcial de medicamentos<\/a><\/strong> que incluye una lista de los medicamentos comunes disponibles. Tenga en cuenta que la disponibilidad de los medicamentos var\u00eda seg\u00fan el plan de beneficios farmac\u00e9uticos de cada empleador en los Estados Unidos. Para obtener m\u00e1s informaci\u00f3n, comun\u00edquese con el Departamento de Beneficios para Empleados, Recursos Humanos o llame a ElectRx al <a href=\"tel:8553532879\"><strong>(855) 353-2879<\/strong><\/a>.<\/p><\/div><\/div><\/div><div class=\"widget widget_block\"><div class=\"widget-content\"><!--<div class=\"sidebar\">\n<h2 class=\"sidebarheader\" style=\"color:#fff\">Start Saving Today<\/h2>\n<h3 style=\"margin-top:-15px;color:#73cee6;margin-bottom:5px;\">ElectRx<\/h3>\n<b><a href=\"tel:8553532879\" style=\"color:#fff\">(855) ElectRx |<\/a>\n<a href=\"tel:8553532879\" style=\"color:#fff\">(855) 353-2879<\/a><\/b>\n\n\n<\/div>--><\/div><\/div><div class=\"widget widget_block\"><div class=\"widget-content\"><!--<div class=\"sidebar\">\n<h2 class=\"sidebarheader\" style=\"color:#fff;margin-bottom:5px;\">Never Miss a <span style=\"color:#73cee6\">Refill<\/span><\/h2>\n<span style=\"color:#fff\">The pharmacy will let you know when it\u2019s time for a refill.<\/span>\n\n<\/div>--><\/div><\/div><div class=\"widget widget_block widget_text\"><div class=\"widget-content\">\n<p><\/p>\n<\/div><\/div>\t\t\t\t<\/div>\n\t\t\t\t<\/div>\n\t\t\t\t<\/div>\n\t\t\t\t<\/div>\n\t\t\t\t<\/div>\n\t\t\t\t\t<\/div>\n\t\t\t\t<\/div>\n\t\t\t\t<\/div>\n\t\t","protected":false},"excerpt":{"rendered":"<p>Sobre nosotros Somos ElectRx ElectRx es una empresa estadounidense especializada en la gesti\u00f3n de beneficios farmac\u00e9uticos. Trabajamos con su plan de salud para ofrecer un programa de beneficios de medicamentos recetados totalmente integrado que le ayudar\u00e1 a obtener medicamentos de mantenimiento y medicamentos especializados costosos a un precio m\u00e1s bajo. Al importar sus medicamentos recetados [&hellip;]<\/p>\n","protected":false},"author":1,"featured_media":0,"parent":0,"menu_order":0,"comment_status":"closed","ping_status":"closed","template":"elementor_header_footer","meta":{"_monsterinsights_skip_tracking":false,"_monsterinsights_sitenote_active":false,"_monsterinsights_sitenote_note":"","_monsterinsights_sitenote_category":0,"footnotes":""},"class_list":["post-7794","page","type-page","status-publish","hentry"],"_links":{"self":[{"href":"https:\/\/electrx.com\/esp\/wp-json\/wp\/v2\/pages\/7794","targetHints":{"allow":["GET"]}}],"collection":[{"href":"https:\/\/electrx.com\/esp\/wp-json\/wp\/v2\/pages"}],"about":[{"href":"https:\/\/electrx.com\/esp\/wp-json\/wp\/v2\/types\/page"}],"author":[{"embeddable":true,"href":"https:\/\/electrx.com\/esp\/wp-json\/wp\/v2\/users\/1"}],"replies":[{"embeddable":true,"href":"https:\/\/electrx.com\/esp\/wp-json\/wp\/v2\/comments?post=7794"}],"version-history":[{"count":26,"href":"https:\/\/electrx.com\/esp\/wp-json\/wp\/v2\/pages\/7794\/revisions"}],"predecessor-version":[{"id":10027,"href":"https:\/\/electrx.com\/esp\/wp-json\/wp\/v2\/pages\/7794\/revisions\/10027"}],"wp:attachment":[{"href":"https:\/\/electrx.com\/esp\/wp-json\/wp\/v2\/media?parent=7794"}],"curies":[{"name":"wp","href":"https:\/\/api.w.org\/{rel}","templated":true}]}}